2 - -12 - (-3 - 1 - -2)) + 158 + -167.
3
24 + (7 + -4 - (8 + 13))
6
Calculate -29 - (74 - (42 + -17 + 8)).
-70
What is the value of 23 + 5 + -22 + -4 + -23?
-21
What is the value of -14 + (12 - (-6 - (11 + -38 - 9)))?
-32
What is 20 - (-35 - (-106 - -62))?
11
Calculate (38 - (0 + -9) - ((22 - 5) + -28)) + 12.
70
Calculate (-10 + 3 - 2) + (85 + -79 - (-4 + 1)).
0
-45 + (18 - -28 - 15) - 14
-28
What is the value of 23 + 1 + -13 + -7 - (0 - 5) - 11?
-2
What is the value of 4 + -13 + (-29 - (-28 - -6) - (16 - -1))?
-33
What is (45 - 21) + (1 - 0 - 33) + -48 + 2?
-54
What is 26 - (14 + 11) - 14 - (2 + (5 - 135))?
115
What is the value of 5 - (1 - 0) - (43 + -98 + 214 + -249)?
94
Evaluate -34 + (-113 - -30) - (-13 - (9 - 38)).
-133
-294 - (-179 + -142) - (-1 + 3 - 0)
25
Calculate (-193 - (-210 + 90)) + 0 + -3.
-76
Evaluate (-62 - 23) + 127 + -81.
-39
Evaluate -23 + -27 - (-69 + 34) - -27.
12
Calculate 1 - 16 - ((-8 - -117) + -109).
-15
-48 - (10 + -3 + 31 + -42 + -3)
-41
Evaluate 1 + 9 + (-33 - -65 - (13 - -3)).
26
What is the value of 18 - -2 - (-20 - (-13 + 15 - 12))?
30
What is -1 - -18 - (-6 + -61 - (234 - 198))?
120
What is 241 + (-57 - 68) - 133?
-17
What is 12 - (1 + -5 + (-78 + 15 - -18))?
61
Calculate -6 - -1 - (-27 + -26 + -31 + 7 + -16).
88
What is (25 - 51) + 22 - (-7 + 4 + -8)?
7
What is the value of 45 - (75 + -96 - -5)?
61
Evaluate -77 - -68 - (-1 - 1 - -50 - 1) - -6.
-50
(27 - (84 - 70)) + 53
66
Evaluate (28 + -43 - (-9 - (3 + -6))) + 7 + 20.
18
What is the value of ((1 - 0) + 7 - (109 + 17)) + 6?
-112
Calculate -2 - -19 - (18 - 19 - -18).
0
Calculate -13 - -8 - -17 - (-9 - -17 - -2).
2
What is the value of (12 - (-9 + 41)) + (3 - 4) + -2?
-23
What is (4 - 26) + 12 + 14?
4
Calculate -21 + -417 + 389 + 147 + 4.
102
What is the value of (-12 - -3) + -27 + (-42 - -54)?
-24
Evaluate 137 + (9 - 92) - -13.
67
Calculate (159 + -83 - 336) + 153.
-107
What is the value of (23 - (52 - -8)) + 57?
20
Calculate 32 + -132 + 86 - 50.
-64
What is the value of 11 - (-63 - (6 - (-2 - -12) - -9))?
79
Calculate -15 - ((54 - 65) + -113).
109
What is 39 + -1 - (94 + (185 - 193))?
-48
-4 + 4 - 24 - (17 - (-22 + 41 + -14))
-36
Evaluate -85 + 74 - (0 + 0 + -1).
-10
2 - (-26 + (13 - -83)) - -24
-44
-123 - (-43 - (-3 - -22))
-61
Evaluate 39 - (49 - 7) - (-1 + (-3 - 31)).
32
What is the value of 85 + -2 + (456 - 422)?
117
What is 115 + 9 + -4 + 11 + -104 + 88?
115
Evaluate -6 + 0 - 2 - (29 - (24 - -2)).
-11
What is -1078 + 1023 - (3 - 1 - 22)?
-35
Calculate -1 + 13 - (-31 + -5).
48
(33 - (13 + 45)) + -14
-39
-17 + 0 - (1317 - 1267)
-67
What is the value of -111 + (-5 - -179) - 35?
28
What is the value of (-36 + 8 + 0 + -7 - 11) + 6?
-40
Evaluate -30 - (-77 + 33) - (6 + (-5 - -27)).
-14
283 - 231 - (10 + 25)
17
1 + 3 + (-1 - -2) + 121 + -129
-3
Calculate 52 - (52 + 18 + -43).
25
What is -18 + -3 + (22 - (-16 - -27)) - 111?
-121
Evaluate 9 + -13 + (-4 - (8 - (-9 - -11)) - 6).
-20
Calculate 28 + (-31 - (-28 + 60)).
-35
What is the value of (-2 - (10 + -6)) + -30 - (-30 + 21 + 8)?
-35
What is (81 - 82) + (-15 - (16 - 16))?
-16
Evaluate (-18 - (-27 + -16) - 11) + (1 - -1 - 5).
11
Evaluate -645 - -597 - (-25 - 6).
-17
Calculate -1 + (16 + -1 + -31 - (-75 - -2)).
56
What is 25 + (-30 - -25) + -6?
14
(-24 - (28 + 2)) + 10 + -51
-95
((17 - 32) + 18 - 45) + 7
-35
Calculate 1 - 124 - (9 + (-33 - -13)) - (12 + -23).
-101
Calculate 15 + -1 - (2032 - 2028).
10
What is (-73 - (63 - 290)) + -18 - (2 - 1)?
135
What is (2 - (-11 + 21)) + -5 + 7 + (-64 - 8)?
-78
-11 - ((142 - 18) + -107)
-28
Evaluate (39 - -1) + (-2608 - -2634).
66
(-8 - 20) + 10 + -12 + -28 + 2
-56
Evaluate (3 - -3) + 766 + -708.
64
Calculate -59 - (-2 - (8 - 3)) - (8 + -1 + -13).
-46
Evaluate -102 + 151 + 1 + -48 + 15.
17
-12 + (22 - (23 - 52) - (3 - 0))
36
76 - 3 - 14 - 76
-17
What is -76 - -19 - -32 - -8 - (-45 + 0)?
28
Calculate (111164 - 111204) + (-10 - (-2 + 2) - (2 - 1)).
-51
3280 - 3366 - (0 + -141)
55
Evaluate -12 + 5 - -5 - (-9 + 11 + (14 - 10)).
-8
What is the value of (-10 - -2) + (72 - 57) + 6 + -57?
-44
What is (2 - -9) + (0 - 29) - -15 - (2 + 12)?
-17
9 + -80 + 74 + 72
75
Evaluate 3 + 91 + (-42 + -5 - -26).
73
What is the value of 7 - (1 + (14 + -4 - 13) + (3 - 2))?
8
What is -61 - ((-9 - 2) + (0 - 9 - (7 - 26)))?
-60
What is the value of 24 + -26 - -73 - 111?
-40
60 + -64 + 23 + -41
-22
Evaluate -2 - -6 - (-7 + (-33 + -17 + 0 - 17)).
78
What is the value of 56 - (89 - (31 + -30))?
-32
What is -13 + 7 + -18 - (-148 + 158)?
-34
What is the value of -2 - (((-9 - 3) + 13 - -10) + -10) - -81?
78
What is -44 - (-65 + 93 + (-3 + -8 - 1))?
-60
What is 17567 + -17589 - (-1 + (15 - 1))?
-35
What is 9 + 3 + (-17 - -37) + -21?
11
Evaluate 27 - (3 - (46 - 32)) - 30.
8
(-29 - (-1 + 2)) + 97 + -110
-43
Evaluate 499 - 492 - (-1 + -5 + 28 + -6).
-9
(-17 - -2) + 147 + -156 + 53 - (0 - 0)
29
What is -59 + 66 - (8 + 2) - 39?
-42
Evaluate (-7 - -2) + (11 - (-4 + 36 + 8)) - 1.
-35
Evaluate -3 - (2 + -1) - (7542 + -7522) - 42.
-66
-43 + (-19 - 17) - -20
-59
What is the value of (11 - (-13 - -3 - (-2 + -6))) + -123?
-110
Evaluate 66 - ((-1246 - -1241) + (38 - 0)).
33
Evaluate 161 + 422 + -448 + (-1 - -4).
138
(39 - -30) + 316 + -407
-22
Evaluate (-1 - -4) + (-5 + -5 - (-33 + 15)).
11
Calculate 29 - (-10 - 17) - 71.
-15
What is -1 + -1 + 0 + 6 - (62 + -34)?
-24
What is (625 - 730) + 0 + 65?
-40
Calculate 26 + (-35 - -35) + -25 - (-5 + 1) - 51.
-46
What is the value of -2 + 0 - (45 - (-53 - -12 - -60))?
-28
Evaluate ((-15 - -15) + -20 - 15) + (-5 - -2 - -5).
-33
What is the value of -2 + 20 - (-67 + 174)?
-89
What is the value of -2232 + 2396 - (154 - 1)?
11
What is 10 + (-9 - (2 + -35 + 16))?
18
What is the value of -19 - (-41 + 5 + 47)?
-30
Evaluate -64 + 52 - (1 + (11 - -7)).
-31
Evaluate -11 - -1 - (-2 + 134 - (173 + -131)).
-100
What is the value of 1 - 7 - (88 - (-5 + 2) - (290 - 293))?
-100
-5 + -9 + (-74 - -43)
-45
What is 15 + -3 + 1 - (-2189 - -2173)?
29
Evaluate 183 + -127 - (33 - 1).
24
What is -18 - 2 - (56 - 7 - 95)?
26
What is 72 + -87 + 49 + 2?
36
Evaluate 50 + (-109 - (-31 - -27)).
-55
What is the value of -166 - 14 - (308 - 354)?
-134
What is the value of -216 + 214 - ((-2 - -11) + 2 + 1)?
-14
20 + -64 + (-238 - -308)
26
-8 + -1 + -11 + (-131 - -184)
33
-35 + (-2 - -6) + -5 + -12
-48
What is -107 + (-36 - -6 - -64) + (-7 - 0)?
-80
Evaluate -13 + -21 + (10 - 6) + -8 + 14 + -89.
-113
What is the value of (-6 + 45 + -8 - 24) + 8?
15
Calculate (-20 + -2 + (-2 - -16) - (-2 - -3)) + 13.
4
What is (-81 - -53) + -3 - 28?
-59
57 + (20 + -30 - -8) + (-4 - 1) + 3
53
-49 + 116 - (0 + 2 + (0 - 4) + 7)
62
Calculate (-39 - -25 - -21) + -14 - -42.
35
Evaluate 106 - (78 - 5) - 15.
18
Evaluate 35 - ((-22 - (0 - 3)) + 2443 + -2430).
41
Evaluate 3 + (-50 + 118 - (-5 - -2)).
74
Evaluate -6 + -9 - -5 - (5 + 8).
-23
What is -20 + (36 - 1 - (2 - (-16 + 23)))?
20
Evaluate 21 + 7 + (-23 - 3) - 0.
2
What is (-31 - (18 - -28)) + 35?
-42
Calculate (-59 - -22 - -88) + 16.
67
What is -3 + -20 + 0 - (50 + (19 - 73))?
-19
What is -12 - (-3 - (-1 + -3) - (40 - (23 - 18)))?
22
What is -30 + (19 - 32) + 0 + 30?
-13
Evaluate -1 + (62 - -11) + -63 + (1 - (3 - -2)).
5
Calculate 1115 + -1128 + (-2 - (22 + 1)).
-38
What is (-47 - -67) + -34 + -33?
-47
What is the value of -35 + (79 - (35 - 22)) + -116?
-85
What is (-1 - 68) + (5726 - 5553)?
104
What is the value of (-20 - (14 - 105)) + -21 + -7?
43
Calculate 2 + (9 - 5) - (-4 - (35 + -1)).
44
(-12 - -4) + 30 + (20 + -18 - 21)
3
((-20 - -1) + 15 - -1 - (1 + -63)) + 14
73
Calculate 13 + (-1 - ((-17 - -2) + 11 + -9)).
25
Calculate -27 - -16 - (-2 + 52 + 4).
-65
Calculate 18 + (-16 - 15) + -5 + (-12 - -101).
71
What is 218 - 221 - (-7 + -18)?
22
Evaluate 1 + -38 + (-196 - -199) - (-4 + 9 + -5).
-34
Calculate -38 + 36 + (-41 - (-2 + -20)).
-21
Calculate 4 + (25 + -12 - -6).
23
What is (687 - 664) + -1 + -31?
-9
42 + (-111 - -75) + (5 - (0 + 9)) + -118
-116
Calculate 71 - (150 + 16 + -57).
-38
Calculate (-90 - 2) + -1 + -22 + 17 + 13 + -4.
-89
-8 + 9 + 7 + 6 + -4 + 25 + -3
32
What is the value of (128 - (31 + 72)) + (-30 - 2)?
-7
Evaluate (-3 - (-4 - -8 - 15)) + 15 + -1 + -4.
18
What is the value of (71 + -54 - -16) + (-28 - -1)?
6
-83 + 2 + (-113 - -193)
-1
(-13 - (6 + 3)) + -4 - -15
-11
What 